te?
True
Suppose 3*b - 2*i = 864723, i + 1470990 = 4*b + 318016. Is b composite?
True
Let l = 13 - 30. Let w = 26 + l. Suppose -w*u + 4*u + 2715 = 0. Is u a composite number?
True
Let r(k) be the first derivative of -31*k**3/6 - 13*k**2 + 19*k + 17. Let v(l) be the first derivative of r(l). Is v(-12) a composite number?
True
Suppose -44*h - 132 = -47*h. Suppose -h*o + 57*o = 174733. Is o a prime number?
True
Suppose 0 = 3*u + 2*u - 6*u. Is (-53634)/(-21) - (u + -3) a prime number?
True
Let g = 40 - -22. Let i = -57 + g. Suppose -i*o - 196 = -d + 242, o = -4*d + 1773. Is d composite?
False
Let q be 3*12537/(-27) + 4. Let r = q - -4978. Is r a composite number?
True
Let h = -3 + 4. Suppose -4*f + 5449 = 4*n + f, f = h. Is n a composite number?
False
Let u(w) = -7442*w - 967. Is u(-33) composite?
False
Suppose -2*q - 200 = -2*y, 3*y + y = -3*q - 279. Let c = q + 4032. Is c a prime number?
False
Suppose -49*a = -8455 - 1948948. Is a a composite number?
True
Let b(r) = -r**2 + 11*r - 13. Let d be b(9). Let n(v) = -1 - d + 12 + 17 - 84*v. Is n(-13) a composite number?
True
Let l(y) = 2180*y**2 + 3*y. Suppose -3 = 6*w - 5*w - z, 2*w + 4*z = 6. Is l(w) a composite number?
True
Suppose -18 = -g + 4*p + 18, -5*g = -3*p - 180. Let r be (g/15)/(2/25). Suppose 2*h - r = -0*h. Is h prime?
False
Let n be 8 - ((6 - 1) + -1). Suppose -4*r = l - 71, n*l = r + 2*r - 39. Suppose r*h + 1437 = 20*h. Is h a prime number?
True
Suppose -13*p + 230079 = 8468. Suppose -4*m = -4*t + 13088, m = -4*t + p - 3964. Is t composite?
False
Suppose -9 + 19 = 5*w. Let h(r) = -r**3 - 37*r + 1 - r**2 + 42*r + 3*r**w. Is h(-3) a composite number?
False
Suppose 41*q - 6*q - 15317067 = -6*q. Is q a composite number?
True
Suppose -5*p + 8 = -2. Suppose p*b - 5*b = -8265. Suppose -5*w + 0*w = -b. Is w a composite number?
True
Let l(r) = 134*r + 1657. Is l(62) a prime number?
False
Suppose -4*z = 2 - 14. Suppose 17754 + 4848 = z*h. Suppose -7525 = -2*f + x - 2*x, 2*f = -4*x + h. Is f composite?
False
Let g(f) = f**3 + 12*f**2 - 2*f - 21. Let t be g(-12). Suppose -9*w = -r - 5*w + 1543, -2*r = t*w - 3031. Is r composite?
False
Let n(k) be the third derivative of -257*k**4/24 + 115*k**3/6 - k**2 + 24*k. Is n(-6) composite?
False
Is (60/50)/(2/40*-6) - -99903 prime?
False
Suppose n - 2*i = -980, 3929 = 2*n - 6*n - i. Let z = -532 - n. Suppose 3*h - z - 507 = 0. Is h composite?
True
Suppose 9*x + 5196 = -3*x. Let a = x - -2051. Is a prime?
False
Let m(z) = 537*z + 10033. Is m(154) prime?
False
Let i be 0/(-3 - -2) - (2 - -2). Let u be (12/9*-4)/(i/150). Let s = u - -177. Is s prime?
False
Let k be (91518/(-105))/((-2)/130). Suppose 8*m = -16606 + k. Is m a composite number?
True
Suppose 3*c = -1 - 77. Let l = -23 - c. Suppose -l*h + 1425 = -576. Is h a prime number?
False
Let p = -159 - -163. Let o(r) = 3*r**3 - r**2 - 9*r + 19. Is o(p) composite?
True
Suppose -3984490 + 700736 = -34*o. Is o composite?
False
Suppose 83*y - 1316006 = -56*y + 4885757. Is y prime?
True
Let r(t) = -120*t - 155. Suppose 0 = 5*y + 2*h + 28, -4*h = -6*y + 2*y - 28. Is r(y) composite?
True
Let m(r) = 58098*r**2 - 263*r + 264. Is m(1) a prime number?
True
Let s = -132328 + 337935. Is s prime?
True
Let k = 781799 + -437656. Is k a composite number?
True
Suppose 0 = b - 4*o + 41, -2*b + 5*o - 88 = b. Let g = b + 522. Is g a prime number?
False
Let v(i) = 0*i**3 - 7*i**3 - 17*i + 21*i**2 - 35 + 6*i**3. Let c be v(20). Let w(f) = 2*f**2 - 14*f - 23. Is w(c) prime?
True
Let l(j) = 284*j + 32. Let w be l(-3). Let m = -151 - w. Is m a composite number?
True
Let i be 2/(-4)*1543*-2. Suppose -92*c - 17275 = 67365. Let l = c + i. Is l composite?
True
Let i = -116515 - -238662. Is i a composite number?
False
Suppose 48*f + 41854 = 699694. Is f composite?
True
Suppose -2*j + 615 + 4729 = 0. Let v = j - -12027. Is v composite?
False
Let j be (-3)/(2/(-27948)*-9). Is (-10)/(-45) + j/(-18) a prime number?
False
Let m = -29275 + 41874. Suppose 3*o - v - 5261 + 17848 = 0, -2*v = 3*o + m. Is 1 + 0 - o - (23 - 20) a prime number?
False
Suppose 254*c - 276*c + 299427 = -16302631. Is c composite?
False
Let y(r) = 7877*r + 2266. Is y(23) a prime number?
True
Suppose 20*n - 2465294 = -6*n. Is n a composite number?
False
Is 1/(7/(-56)) + 20377 a composite number?
False
Let f(h) = 107*h + 30. Let n(b) = 106*b + 30. Let x(k) = 2*f(k) - 3*n(k). Let c be x(-7). Let u = c - 439. Is u prime?
False
Is 7447956/3*(13 + 714/(-56)) a composite number?
False
Let w = 3084617 + -1807350. Is w a prime number?
True
Let c = -137798 + 214675. Is c a prime number?
False
Suppose 3*o + 187592 = 4*d, -8*o - 46913 = -d - 11*o. Is d composite?
False
Let j(u) = 2*u**2 + 14*u + 12. Let b be j(-6). Suppose -16 = -4*s + 2*w, b*s - 5*s = -5*w - 15. Is s/(30/18) - -118 prime?
False
Let r = 377304 - 262177. Is r prime?
True
Let n(v) = -v**3 + 36*v**2 - 98*v + 12. Let f be n(30). Let h = 4203 - f. Is h a composite number?
True
Let l be (5 - 5)/((-8)/4). Let m(j) = j**3 + j**2 + j + 2. Let k be m(l). Is (34/(-3))/(k/(-129)) a composite number?
True
Let p be (17/((-170)/72))/((-12)/(-7400)). Let m = 7591 + p. Is m a composite number?
True
Let c be -4 + (-18)/(-4 - -1). Is c*(-4 + (11374/4 - 5)) a composite number?
False
Suppose -d - 5*v = d + 5815, d + 5*v + 2920 = 0. Is 46/3*(6 - d/10) a composite number?
True
Suppose -2*d + 27 = t, -5*d + 12 = t - 6*d. Suppose t*j - 15591 = 14*j + 4*n, 0 = 4*n - 12. Is j a composite number?
True
Suppose 0 = 1518*f - 1495*f - 1867163. Is f a prime number?
True
Let l(p) = 3*p**3 - p**2 + 3*p - 1. Let r be l(1). Suppose -2*g - n = 4585, 2*g - r*n = -2834 - 1726. Let w = g + 3637. Is w a prime number?
False
Let y = 1717 - -1196. Let f = 1 + 3. Suppose -5*z + 2*z + 8779 = -f*h, -z = -4*h - y. Is z composite?
True
Let f(h) = -1353*h**3 + h**2 - 41*h - 229. Is f(-6) prime?
True
Let d(t) = -286*t - 73. Let o be d(-3). Let w be (-287 + -3)*(-4)/(-10). Let v = w + o. Is v a prime number?
False
Suppose 28 = 3*r + 22. Suppose r*x - 4*f = 11 + 3791, -5*f - 3802 = -2*x. Is x composite?
False
Let y = 377376 + -207305. Is y a composite number?
True
Suppose 131*p + 181968690 = 389*p. Is p a composite number?
True
Suppose 24*h = -8*h + 763424. Is h a prime number?
True
Let n(l) = -6 - 14 - 4*l**2 + 20*l + 0*l**2 + 2*l**2. Let a be n(9). Is (-35275)/(-25) + 4/a a prime number?
True
Suppose -2*c + 4*c = -5*j + 16357, 2*c - 4*j - 16402 = 0. Is c a prime number?
True
Let c(n) = n**2 - 3. Let z be c(-2). Let d be 4 + z + (-4320)/(-3). Suppose d + 170 = 5*q. Is q a composite number?
True
Suppose -3*m + 103 = -g, 0 = -g + 3*m - m - 98. Let z be 153*(-1 - 3 - -5). Let s = z + g. Is s a composite number?
True
Suppose 32*v - 508056 = 764168. Is v composite?
True
Let n = -305401 + 476664. Is n a prime number?
True
Let d(a) = 3*a**3 - 3*a**2 + 15*a - 2. Let n be d(-13). Let m = n - -3200. Let b = -2568 - m. Is b prime?
False
Let w(i) = 2*i**2 - 4. Let d(m) = -m + 2. Let t be d(4). Let n be w(t). Suppose -2*k - 3*k + 8689 = 4*q, 4*k = n*q + 6980. Is k composite?
False
Suppose 77*z + 44*z = 12889283. Is z composite?
True
Let v = -59642 - -161505. Is v composite?
False
Suppose n + 3*j - 54684 = 19681, -223055 = -3*n + j. Is n composite?
False
Let o be 3 + 1 - 2/((-6)/(-3)). Suppose 0 = -2*g - 2*s + 1866, -o*g + 1541 = s - 1266. Let f = g + -639. Is f a composite number?
True
Let x(h) = 145*h**2 - 18*h - 815. Is x(36) prime?
False
Suppose 5*b + 4*z = 416357, b - 83275 = 4*z - 3*z. Let r = b + -34170. Is r a prime number?
True
Let q = 38602 - -351. Is q composite?
False
Let z be 488/3*21/2. Let c be 18/2 + 8/(-3)*(-69)/(-46). Suppose 0 = 4*j + n - z - 72, -j + c*n + 445 = 0. Is j composite?
True
Let q = 1689 - -19182. Suppose -3*i + 4*l + q + 7012 = 0, -9285 = -i - l. Is i a prime number?
False
Suppose 392*w = 83*w + 185808189. Is w a prime number?
False
Let g(h) = -3*h + 48. Let q be g(13). Let i(p) = 7 + p - 4*p + q*p + 54*p**2. Is i(-9) prime?
True
Let s be 2/2 + 14 - (1 + -1). Suppose 0*u - 3*m = 3*u + s, 4*u + 5 = -m. Suppose u = 4*g - 612 - 3584. Is g a prime number?
True
Suppose 4*r - 13 = -v, 8 = -4*v + 2*r + 2*r. Is ((6 - v) + 597)/((-2)/(-1)) a composite number?
True
Suppose 4*s - 724497 = n, 2*s - 560*n - 362241 = -561*n. Is s a composite number?
False
Let l